. Suppose 4*r - 2*n + 680 = 22, 2*r - 2*n = -330. Let j = t - r. What is the hundreds digit of j?
1
Let o = 124 + -136. Let b(y) = -15*y - 13*y**2 - 8 - y**3 + 10*y - 13*y. What is the tens digit of b(o)?
6
What is the thousands digit of (1 - 4/6) + (-140)/(-210) + 11545?
1
Suppose 11*y - 8*y - 3 = 0. What is the units digit of 17/51*(y + -13) - -800?
6
Let a(s) = 1474*s - 19. Let j be a(6). Suppose 886 = 39*d - j. What is the units digit of d?
9
Suppose 4*d - 53794 = -2*y, -5*d = -y - 64418 - 2821. What is the units digit of d?
8
Suppose -11*c + 186266 + 180276 = 11*c. What is the ten thousands digit of c?
1
Let q be (508/10)/(2/500). Suppose q + 29612 = 43*t. What is the hundreds digit of t?
9
Let n(d) = -5*d**3 - 8*d**2 - d + 4. Let k be n(6). Let i = k - -2463. What is the units digit of i?
3
Suppose 5*r = -2*g + 78951, -445*r = -447*r - 5*g + 31551. What is the tens digit of r?
9
What is the units digit of (-2)/(-4) - (175/14)/(1/(-319))?
8
Let j = 315 + -106. Let t = 481 - j. What is the units digit of t?
2
Let u(r) = r + 13. Let t = 90 - 101. Let n be u(t). Suppose o - n*o + 205 = 0. What is the units digit of o?
5
Let h be 8 + 2*(0 + (-2)/4). What is the units digit of (-192450)/(-175) - (-2)/h?
0
Let i(d) = 5*d**2 + 59*d - 21. Let z be i(-12). What is the hundreds digit of 751/3 - 0 - (-12)/z?
2
What is the thousands digit of (295/20 + -10)*(-24432)/(-3)?
8
Let l(m) = 11*m + 92. Let d be l(-19). Suppose 2*y + 259 = 3*y. Let z = y + d. What is the units digit of z?
2
Let q = -35074 - -64829. What is the ten thousands digit of q?
2
Let v = -26 - -29. Suppose -3*a - 857 = -4*b, v*b + 3*a = 4*b - 221. Suppose k - b = -3*k. What is the tens digit of k?
5
Let r(z) = z - 1. Let o be r(5). Suppose -12*m + 2*f + 2571 = -9*m, o*m - 3*f = 3429. What is the units digit of m?
5
Let z(x) = 2*x**2 - 41*x - 23. Let i be z(21). Let n be (i/2)/(9/18). What is the tens digit of (-38)/n*(-11)/(11/(-6))?
1
Let f be (-174)/(-30) + 1/5. Suppose -2*u = f, -2*q + q + 5*u = -507. What is the tens digit of q?
9
Suppose 0 = 4*g + 5*u + 49120 - 245167, g + u = 49010. What is the ten thousands digit of g?
4
Let a(x) = 39*x**2 + 475*x - 65. Let d be a(-13). Let z be 6/(((-1)/(-1))/18). Let n = d - z. What is the units digit of n?
3
Suppose -5*w - 3885 = 9*n - 4*n, 12 = -4*n. Let o = 884 + w. What is the hundreds digit of o?
1
Let c(l) = l**3 - 80*l**2 + 993*l - 304. What is the tens digit of c(78)?
8
Suppose -5*w + 276 = 4*c + 71, 0 = 5*c + 25. Let k be ((-4)/(-18) - 0) + 6279/(-189). Let r = k + w. What is the tens digit of r?
1
Let i(x) = 4*x - 23. Let w(t) = t**2 - t + 5. Let k be w(2). Let b be i(k). What is the units digit of 703/8 + (b/5)/8?
8
What is the hundreds digit of 8313 + (-20)/(-6)*36/24?
3
Let r be 20/(-5) - 2 - -6. Suppose 0 = 2*g - 5*p - 1259, 3*g + 2*p - 1539 - 359 = r. What is the hundreds digit of g?
6
Let f = 9 + 2. Suppose f*y - 5*y = -12. What is the hundreds digit of y - (5 + -4)/(1/(-149))?
1
Let p(w) = 5*w**2 + 71*w + 20. Let z be p(-14). Suppose 0 = -t + 3*t - 194. Let j = t - z. What is the units digit of j?
1
What is the tens digit of (-3916)/(-66)*4005/10?
6
What is the hundreds digit of (3570/(-40))/((-44)/32 - -1)?
2
Let p = 42 + -24. Let f = 43 - p. What is the units digit of (1*f)/(12/24)?
0
What is the tens digit of (-1913600)/(-225) + 4/(-18) - 14/(-42)?
0
Suppose -g - 2*g - 4*d + 640 = 0, 0 = 4*g - 3*d - 845. Let h = g + 114. What is the units digit of h?
6
Suppose -111*g + 151640 = -0*g + 25*g. What is the units digit of g?
5
Suppose 2*g - 3*q + 33 = g, -q + 132 = -4*g. Let w = g + 33. Suppose x - 5*x - 4*h + 216 = w, 267 = 5*x + 4*h. What is the units digit of x?
1
Let p(j) = 4*j**3 + 229*j**2 - 78*j - 681. What is the ten thousands digit of p(-55)?
3
Suppose 4 - 54 = -5*q. Let i be 0/(q + -7 - (-2 + 4)). Suppose 2*k - 3*t - 332 = 0, i = 2*t - 5 - 3. What is the hundreds digit of k?
1
Suppose -24*g = 64*g + 118*g - 1889638. What is the units digit of g?
3
Let w(q) = 20*q**2 - 80*q + 13. Let y be w(13). Let x = -1021 + y. What is the tens digit of x?
3
Let c(a) = -a**2 + 17*a + 1. Let d be c(9). Suppose -275 = -6*s + d. What is the tens digit of s?
5
Suppose 4*m = -r + 28 + 3, m = -4*r + 64. Let y be ((-7)/7)/(1 - r/16). What is the units digit of (88/y)/(2/(-16))?
4
Suppose -60 = 13*h - 17*h. Let d be 6/4*(-20)/h - 23. What is the units digit of -5 - (d/5 - 25)?
5
Let y be ((-28)/(-112))/(2/5464). Let f = 1104 - y. What is the hundreds digit of f?
4
Suppose -7*f = -63 - 7. Let b be (-6)/((-37)/f + (-4)/(-1)). What is the hundreds digit of (-1550)/(-8) + b/(-16)?
1
Let r = 33414 + -22380. What is the hundreds digit of r?
0
Let t = 3079 + 4455. Suppose -t - 8126 = -27*l. What is the tens digit of l?
8
Let k(z) = -3*z**3 - 7*z**2 - 15*z + 7. Let m be 7*3/(-1 - 2). What is the units digit of k(m)?
8
Suppose 0 = 5*g + 5, s - 5*s = 3*g - 525. Let w = 1241 + -1315. Let f = s - w. What is the hundreds digit of f?
2
Suppose -23*h + 21*h = 8. Let t be -6*(h - 28/(-8)). Suppose 7*m - 2630 = -t*m. What is the tens digit of m?
6
Let p = 6832 - 993. What is the tens digit of p?
3
Suppose 240*b - 235*b = 560. What is the tens digit of b?
1
Let j be (5 - -1)/(6/69*-1). Let g = j - -66. What is the tens digit of 3/(g/(-25)) + 0/4?
2
Let y(w) = 8*w**3 + 29*w**2 + 60*w - 16. Let m(k) = -7*k**3 - 28*k**2 - 59*k + 17. Let t(b) = -7*m(b) - 6*y(b). What is the tens digit of t(-17)?
2
Let f(q) = q**3 - 21*q**2 - 10*q - 57. Let p = 260 + -238. What is the hundreds digit of f(p)?
2
Let p(m) = m**2 - 5*m - 6. Let f be p(7). Let r be (-2)/(-5) - f/(-5). Suppose r*b = 5*b - 204. What is the units digit of b?
8
Suppose -143*q + 145*q + a - 29160 = 0, 0 = -4*q + a + 58308. What is the hundreds digit of q?
5
Suppose -2*j - 4*q = -2178, q - 4328 = 44*j - 48*j. What is the thousands digit of j?
1
Let g(t) = -11*t + 3216. What is the thousands digit of g(8)?
3
Let d = 62088 - 28736. What is the units digit of d?
2
Suppose 2*q - 3*q = 0, 5*y - 5*q - 15 = 0. Let t be 405/(-3) - (0 - y). Let m = -64 - t. What is the units digit of m?
8
Suppose 0 = -20*p + 29*p - 72. Let c(b) = 12*b - 74. What is the units digit of c(p)?
2
Let z(o) = 2*o**3 + o**2 - o - 2. Let t be z(2). Suppose 0*i = 2*i - t. What is the tens digit of (i - (-2 + 0))*1?
1
Suppose 7*s + 96 - 33 = 0. What is the hundreds digit of (((-36)/16)/s)/((-2)/(-2152))?
2
Let l be 180/21*(-14)/(-4). Let p be (-6)/l - (-80)/25. Suppose -k + 828 = p*k - 5*i, -k + 214 = -3*i. What is the units digit of k?
2
What is the hundreds digit of (-318 - 0)*(-15 + (-9)/2)?
2
Suppose 12*h - 1028 - 460 = 0. Suppose -3 = w, 185 = 4*d + 5*w - h. What is the units digit of d?
1
Suppose 3*n + 0*n + 12 = 0. Suppose -2*y + 3*c + 11 = 0, 8*y - 2*c - 4 = 5*y. What is the units digit of 59 - (y - (n + 4))?
1
Suppose -44*a + 247956 = -97796. What is the thousands digit of a?
7
Let u(v) = 663*v**2 + 29*v + 76. What is the thousands digit of u(-4)?
0
What is the hundreds digit of (-211660)/(-114)*(-21)/(-2)?
4
Let f = -9568 + 12063. What is the tens digit of f?
9
Suppose -50*j + 40*j = -30. Let f(o) = 37*o + 5. What is the units digit of f(j)?
6
Let c(i) = 5*i**3 - 29*i**2 + 848. What is the ten thousands digit of c(22)?
4
Suppose 4*a - 54 = -5*l, 0 = 2*l + 3*a - 16 - 0. Suppose 4*y - l = -42. What is the hundreds digit of 20/((-102)/(-420) + 1/y)?
2
Let b(k) = -k**3 + 54*k**2 + 6*k - 650. What is the tens digit of b(28)?
0
Let x = 7306 + -7165. What is the hundreds digit of x?
1
Let c = 25297 + -17220. What is the hundreds digit of c?
0
Suppose 2*y + 6 = 0, -7*y + 8*y - 25 = -2*k. Let h be ((-42)/(-35))/(-3 - k/(-5)). Let i(o) = -o**3 - o**2 - o - 14. What is the units digit of i(h)?
2
Let t = 652 - 81. Let h = t - 337. What is the hundreds digit of h?
2
Suppose 0 = -c - 4*i + 271, 24 = -5*c + 2*i + 1423. Suppose 3*z - 192 = 2*d, -2*d + c = 4*z + 3*d. Suppose 0 = 14*g - 17*g + z. What is the tens digit of g?
2
Let t(u) = -3*u + 30. Let z be t(7). Suppose -35 = z*a - 14*a. Suppose 195 = -a*w + 538. What is the units digit of w?
9
Let q(a) = 239*a**3 - 10*a**2 + 3*a + 8. Let t be q(-8). What is the hundreds digit of t/(-220) + (-4)/(-5)?
5
Suppose -17 = 25*y + 233. What is the hundreds digit of y/5*((-6)/(-3) + -121)?
2
Suppose s =